w)?
-6
Let t(m) = 11 + 412*m**2 + 12*m + 0 - 411*m**2. Calculate t(-11).
0
Let q(p) = -3*p**3 - p**2 + 10*p + 1. Let c(b) = 13*b**3 + 3*b**2 - 39*b - 4. Let k(r) = 2*c(r) + 9*q(r). Determine k(-5).
-9
Let t(a) = a**2 + 8*a + 4. Let x be t(-8). Let l(d) = 13*d + 11*d + d**2 + 7*d - 29*d - x. Calculate l(3).
11
Let r(y) = -11*y**3 - 33*y**2 - 12*y - 17. Let x(h) = -5*h**3 - 16*h**2 - 5*h - 7. Let u(m) = 6*r(m) - 13*x(m). Calculate u(9).
7
Let w be (-10)/15 + 1/(-3). Let s be w/(4/20*1). Let y(l) = -l**2 - 8*l. Give y(s).
15
Let b = 58 + -64. Let a(c) be the third derivative of -c**4/24 - 5*c**3/6 + 3*c**2. Give a(b).
1
Let s(o) = o**3 - 32*o**2 + 2*o - 59. Let v be s(32). Let h(n) = n**2 - 3*n - 3. Determine h(v).
7
Let i be 3/(-3 - 3)*2. Let p(a) be the third derivative of 7*a**5/120 - a**4/24 - a**3 - 6*a**2. Let x(d) be the first derivative of p(d). Determine x(i).
-8
Let s(y) be the second derivative of y**5/10 - y**4/6 - y**3/6 + y**2 + 8*y. Let q be 12/9 + (-4)/(-6). What is s(q)?
8
Suppose 63 - 15 = 8*a. Let v(d) = -d**2 + 9*d - 9. Give v(a).
9
Let r be (-114)/(-18) + 0 + 5/(-15). Let j(y) = 4*y + 1. Give j(r).
25
Let m(i) be the second derivative of -i**3/6 - i**2/2 - 2*i. Let x = -42 - -20. Let b be 128/x + (-4)/22. Determine m(b).
5
Let w(v) = v**2 + 6*v + 9. Let p = 102 + -84. Suppose -p = 6*o - 3*o. Calculate w(o).
9
Let x(g) be the first derivative of 1/2*g**2 + 7 + g. Let c = 2 - -2. Determine x(c).
5
Let q(r) = 2*r**3 + r**2. Let g(f) = 3*f**2 - 13*f - 9. Let d(v) = -2*v**2 + 12*v + 9. Let j(s) = 4*d(s) + 3*g(s). Let c be j(-8). What is q(c)?
3
Let p(o) = o**2 + o + 7. Let m(n) = -16*n - 3. Let z be m(-1). Let a = z + -13. Calculate p(a).
7
Let h(w) = w**3 + 4*w**2 - 3*w + 3. Let r be 50*(-1 + 0)*-1. Let o = 45 - r. Determine h(o).
-7
Let r(q) = 5*q**2 - 37*q + 6. Let y(l) = -l**2 + 2*l + 2. Let d(p) = -r(p) - 3*y(p). Give d(15).
3
Let r(q) = 3 + 0 + 2*q**2 - 11 + 4*q - q**3. Let s(g) = -g**3 + g**2 + 5*g - 9. Let w(m) = 4*r(m) - 3*s(m). What is w(5)?
0
Let x(p) = -p**3 - 3*p**2 + 3. Let t be x(-3). Suppose o - 24 = -t*o. Let n(d) = 2 + o*d + 0*d - 7*d. Calculate n(-3).
5
Let f be -1*((-4 - -1) + 2). Let j be 2/f*(-12)/(-24). Let w be 3*j - 12/12. Let h(q) = -4*q - 2. Calculate h(w).
-10
Let u(m) = -5*m**2 + 6*m - 17. Let a(t) = -3*t**2 + 3*t - 9. Let v(h) = -7*a(h) + 4*u(h). Let n be 42/(-11) - (-6)/(-33). Determine v(n).
-1
Let y = 3 + -1. Suppose -y*v + 4 = -4. Let p(b) = b**2 + 4*b + 5. Let c(z) = -3*z**2 - 9*z - 10. Let g(t) = 2*c(t) + 5*p(t). Determine g(v).
-3
Let h(v) = -2*v + 24. Let a be h(11). Let b(y) be the second derivative of 1/2*y**a + 7*y - 7/20*y**5 + 1/12*y**4 + 0 - 1/3*y**3. Calculate b(1).
-7
Let v = -7 + 8. Let w be -1*v*-4*-1. Let d(n) = 1. Let y(u) = u**2 + 4*u - 2. Let s(i) = -3*d(i) - y(i). Determine s(w).
-1
Let z be 8/(-24) - (-165)/9. Let h(g) = z*g + 17*g - 34*g. Calculate h(1).
1
Let i be 15/((-7)/(84/9)). Let w be (0 + 22)/(1*2). Let k = i + w. Let t(s) = -s**2 - 8*s + 11. What is t(k)?
2
Suppose 0 = -w + 7. Let o(x) = w + 1 - 6*x**2 - x**3 + x - 2. Let z be ((-5)/1)/(((-2)/6)/((-140)/350)). What is o(z)?
0
Let v(u) = 8 - 8 - 3*u. Let w be 104/(-260) - ((-4)/10 - 1). Determine v(w).
-3
Let q(k) = -k**3 + k**2 + 12*k - 8. Let o = -85 + 74. Let h(w) = 2*w**3 - w**2 - 23*w + 16. Let g(u) = o*q(u) - 6*h(u). Calculate g(-6).
-8
Let j(h) = 6 + h - 12 + 4 + 4 + 2*h**2. Let s be (-3 + (-1 - 0))/(-1). Let r = -2 + s. Determine j(r).
12
Let f(s) = -2 - 3*s + 8 - 6. Let n(o) = -o. Let b(h) = -f(h) + 2*n(h). Suppose -2*v = -4*v. Give b(v).
0
Let d = 214 - 219. Let w(c) = 11*c**2 + 12*c - 26. Let k(m) = 7*m**2 + 8*m - 17. Let y(j) = 8*k(j) - 5*w(j). Give y(d).
-1
Let w(i) = 2*i**3 - i**2 + 3*i - 1. Let f be w(2). Let x = -15 + f. Let b(o) = -2*o**3 + 0 - 6*o**2 + 2 + o + 8*o**2. Determine b(x).
-4
Let g(x) = x**3 + 12*x**2 + x + 3. Let d = -14 + 7. Let q(o) = o**3 + 13*o**2 + o + 3. Let m = 31 - 25. Let y(s) = d*g(s) + m*q(s). Calculate y(-6).
3
Let p be (13/(-13))/((-1)/2). Suppose p*y - 18 = a - 3*y, -2*a - 4*y = 8. Let f be (1 - -3)*(-14)/a. Let i(b) = -b + 6. Give i(f).
-1
Let h(b) = b**3 - 7*b**2 + 11*b + 6. Let k be h(4). Let z(i) = -3*i**2 + 4*i - 3. Give z(k).
-7
Let h(b) be the first derivative of b**2/2 + b - 30. Let r = -15 + 11. Let n = 11 + r. What is h(n)?
8
Let r(c) = c + 4. Let h(s) = 7*s**3 - 3*s**2 + 3*s + 5. Let b be h(-1). Calculate r(b).
-4
Let m(f) = f**2 + f. Let w(d) = 3*d**2 + 6*d + 2. Let g(c) = -4*m(c) + w(c). Let q(o) = -o**2 - 38*o + 543. Let u be q(-49). Determine g(u).
-6
Let m(d) = -d**3 - 7*d**2 + 8*d + 7. Suppose 4*g + r - 97 = 0, 2*r = -2*g - 2*r + 52. Let n = g + -32. Determine m(n).
7
Suppose -3*z + 15 = 0, -5*z + z + 40 = 5*r. Suppose r*q + 5 = g + 2*q, 3*g + 4*q + 5 = 0. Let d(t) = 7*t**2 - 2*t + 1. Calculate d(g).
6
Let k(v) be the second derivative of 0 + 27*v + 0*v**2 + 1/12*v**4 - 5/6*v**3. Give k(4).
-4
Let t(v) be the first derivative of -25 + 1/2*v**2 + 2*v. Let i be 10/(-4) + (-1)/(-2). Give t(i).
0
Suppose 3*t - 2*t + 7 = 0. Let a(d) = 2*d + 4*d + 6 - 1 - 5*d. Determine a(t).
-2
Let i(w) = w**3 + 4*w**2 - 4*w + 11. Suppose 4*k - 3*q + 7 = -1, 0 = 5*k - q + 21. Determine i(k).
6
Let z(c) = -14*c - 6. Let m(t) = -8*t - 2. Let n(b) = 5*m(b) - 3*z(b). What is n(-2)?
4
Let a(k) = -34*k**2 + 4*k + 36*k**2 - 3*k + k**3. Let m be a(-1). Let l(g) = -g + 3. Determine l(m).
3
Let b be (9 - 3) + (-1 - 1). Let k(n) = n**3 - 5*n**2 + n + 8. Determine k(b).
-4
Let i(f) be the first derivative of -4*f**2 + f + 311. Calculate i(5).
-39
Let v(m) = m**3 - m - 2. Let x(n) = 8 + 4*n - 10*n - 40. Let b be x(-5). Calculate v(b).
-8
Suppose 9*f + 15 = 14*f. Suppose -3*w - 2*g = 9, -3*w = 2*w - f*g + 15. Let l(x) = 3*x + 2 - 2*x + 4*x. What is l(w)?
-13
Let i = 2 - -1. Let c(a) = 7*a**2 - a**i - 5 - 3*a**2 + 7*a - 3*a. Calculate c(4).
11
Suppose 2*p = -2*r + 4, -3*p = -9*r + 7*r - 16. Let o(d) = -3*d**3 + 2*d**2 + 2*d + 1. Give o(r).
29
Let m(c) = c**2 + 42*c + 207. Let r be m(-6). Let f(p) = p**2 + 8*p + 5. Give f(r).
14
Let n = 25 + 82. Let t(r) = 109 + 4*r**2 + 4*r - n - 3*r**2. Determine t(-3).
-1
Let v(t) = t**3 - t**2 - 2*t. Suppose -r - 1 = -6. Suppose -4*x + 12 = -z - x, -r*z + 5*x = 30. Let m be 3*(11/(-3) - z). Calculate v(m).
-8
Let f(z) = z**2 + 3*z + 3. Let o be f(-3). Let w(d) = 1 - o + 7 + d**3 - 3*d - 1 - 3*d**2. Suppose k - 5 = -1. Calculate w(k).
8
Let i = -34 - -49. Suppose -v - y - 10 = -5*y, 3*v = -3*y - i. Let z(k) be the first derivative of k**3/3 + 5*k**2/2 - 2*k - 17. What is z(v)?
4
Let q(k) be the first derivative of 0*k**4 + 1/120*k**6 + 1/3*k**3 - 7*k**2 + 9 - 1/30*k**5 + 0*k. Let t(d) be the second derivative of q(d). Give t(2).
2
Let o(i) = i - 7. Suppose -6*p + 1 = -35. Suppose -2*f - 3*j + 24 = 0, 3*j - p + 0 = f. Give o(f).
-1
Let u = 2905/12 - 242. Let f(i) be the second derivative of 0 + u*i**4 - 7/6*i**3 + 9/2*i**2 - 8*i. Determine f(6).
3
Let a(w) = w**2 + 8 - 8. Let f(i) = 6*i**3 + 7*i**2 + 5*i - 2. Let s(h) = -3*h**3 - 3*h**2 - 2*h + 1. Let p(u) = 2*f(u) + 5*s(u). Let m be p(1). Give a(m).
9
Suppose -4*g - 5 = -21. Let b = g - 0. Suppose n = b*n. Let v(t) = t**2 - t - 1. Calculate v(n).
-1
Let s(q) = -2296 + 1147 + 1152 + q. Suppose -3*n = -n - 18. Suppose -3*c - 2*c + 2*p - n = 0, -c = -2*p - 3. What is s(c)?
0
Suppose -3*i + 8 = -1. Suppose 5*v - 205 = 4*v. Let n(k) = 3*k - v*k**2 - 1 - k**3 - 2*k + 208*k**2 + k. Calculate n(i).
5
Let l(z) = -2*z**3 - 2*z**2 - 3*z - 3. Let d(u) = u**3 - u**2 + u. Let o(v) = 3*d(v) + l(v). Suppose 4*k = -k + 40. Suppose -3 = q - k. Determine o(q).
-3
Let v(g) = 2*g - 16. Let c(n) = -2*n + 19. Let z(o) = 3*c(o) + 4*v(o). Determine z(4).
1
Let s(p) = -494*p - 208. Let k(r) = -29*r - 12. Let b(h) = 52*k(h) - 3*s(h). Give b(-1).
26
Let y(w) = -w**3 + 3*w**2 + 3*w + 4. Let v be -10 - -13 - (-12)/(-1). Let l be v/36 - (-34)/8. Give y(l).
0
Let f be (2 + 5)/((-1)/2). Let j = f + 3. Let m = 18 + j. Let q(a) = a**3 - 8*a**2 + 6*a. Give q(m).
-7
Let v(b) be the second derivative of -b**5/20 - 5*b**4/6 - 4*b**3/3 + 3*b**2 - 20*b. Calculate v(-9).
-3
Let t(x) = 3218 - 6444 + 3215 + x. Give t(-5).
-16
Let h(n) = -n**3 + n**2 - 1. Let l be (8 + 2)*(-6)/(-4). Let v(y) = y**2 + 6*y + 9. Let t be v(-5). Suppose -5*s + 0*s + l =